(-38352)/138?
2
Let u = -35 + 44. What is the units digit of u?
9
Suppose 3*u + 2*b - 44 = 13, 3*u - b = 48. What is the units digit of u?
7
Let g(x) = -1 - 2*x + 5*x - 2*x. Let w be g(4). Suppose w*m = 8*m - 35. What is the units digit of m?
7
Let p be (13/((-52)/(-168)))/2. What is the tens digit of -6*(-4)/18*p?
2
Suppose 0 = 4*o - 4*j + 8, 0 = o - 4*j + 6 + 8. Let v(z) = z**3 - 2*z**2 + 2*z + 2. What is the units digit of v(o)?
6
Let r(b) be the second derivative of -b**3/3 - 3*b**2/2 + 3*b. Let d(p) = p - 8. Let s be d(6). What is the units digit of r(s)?
1
Let f(z) = z**3 + 11*z**2 - 11*z + 3. Let p be f(-12). Let v = 7 - p. What is the units digit of v?
6
Let i(u) = -u**2 - 8*u - 5. Let j = 16 - 7. Let q = -14 + j. What is the tens digit of i(q)?
1
Let l(s) = -s**3 + 8*s**2 + 5. What is the tens digit of l(3)?
5
Let h(q) be the first derivative of -q**2 + 2*q + 1. Let t be h(-2). Suppose 3*a - a - t = 0. What is the units digit of a?
3
Let k(t) = 58*t**2 + t - 1. What is the tens digit of k(1)?
5
Let v = 11 + -6. Suppose 0 = 3*x - 4 - 5, 0 = 4*m + 4*x - 52. Let g = m + v. What is the tens digit of g?
1
Let f(d) = 2*d - 3. Suppose -2*n - 14 = -4*p, 5*p = -2*n - 6 + 1. Let b(v) = -2*v + 2. Let l(t) = n*b(t) - 4*f(t). What is the units digit of l(2)?
6
Suppose -5*d + 5 = -50. What is the tens digit of d?
1
Let m = -15 + 31. What is the tens digit of m?
1
Let x(h) = 16*h**2 + 3*h + 4. What is the units digit of x(-2)?
2
Let o = 9 - 6. Suppose -2*v + o*v = 2. What is the units digit of v?
2
Let s(m) = 11*m + 3. Let u be s(2). Suppose 0 = b + 2*b, -u = -t - 3*b. What is the tens digit of t?
2
Let d(t) = t**3 + 7*t**2 + 2*t + 8. What is the tens digit of d(-6)?
3
Suppose 2*k + 5 = 5*a + 4, 0 = 4*k + 2*a + 14. What is the units digit of 45 + k/1 + 3?
5
Let s = -23 + 47. Suppose -l = h - 34, -5*h + 130 - s = 3*l. What is the tens digit of l?
3
Let v(t) = 3*t + 2*t - 4*t + 15 - 4. What is the units digit of v(-6)?
5
Let l(n) = 6*n**3 + n - 1. What is the tens digit of l(2)?
4
Let g = -3 - -3. Suppose 5*v + 5*o - 5 = g, 4*v = v + o - 5. What is the units digit of -1 - v - (-2 + 1)?
1
Let i(j) = 6*j - j + 3 + 0*j + j**2. Let h be i(-4). What is the units digit of 4 - h/(1/(-2))?
2
Let a = 9 - 19. Let x = a + 29. What is the tens digit of x?
1
Let i(f) = -2*f - 5. Let k be i(-4). Let j = 3 + k. What is the units digit of j?
6
Suppose -2*b + 20 = 3*v, b - 3*v = 2*b - 16. Let w(q) = q**2 + 5. What is the tens digit of w(b)?
2
Let a = 40 - -50. Suppose -2*k = -a - 50. Suppose 5*h - k = -2*p, -2*p - 3*p - 35 = -5*h. What is the units digit of h?
2
Let t be (3*-1)/((-3)/16). Let o be ((-8)/t)/((-1)/(-20)). What is the tens digit of 20/(-6)*45/o?
1
Let k(i) = -i**2 + 8*i - 9. Let a be k(6). Suppose -5 = s + a*g + 2, -4*s - 28 = -3*g. Let f = 7 - s. What is the tens digit of f?
1
Suppose 2*a + a + 6 = 4*y, 4*y = 4*a + 8. Let w = a - -6. What is the units digit of 2 + 0 + w + 0?
6
Suppose -4*b + 131 = -33. What is the units digit of b?
1
Suppose 2 = 2*c - 3*k, -k + 2*k = 4*c - 4. Let v be ((-1)/1)/(c/57). What is the units digit of v/(-9) + (-1)/3?
6
Let y be 4 + (-1)/(-1) + 0. Let a(z) = z**3 + 6*z**2 + 4*z - 7. Let q be a(-5). Let x = q + y. What is the units digit of x?
3
Let q = -6 - -11. Suppose -u + f = 1 - 4, q*u = -5*f - 25. Let r = 7 + u. What is the units digit of r?
6
Suppose -2 = -b, 10*r + 345 = 15*r + 5*b. What is the tens digit of r?
6
Let j(n) = -n**2 + 15*n - 10. Let g = 13 + -3. What is the units digit of j(g)?
0
Let w(h) = h**3 - 10*h**2 - 10*h - 9. Let v be w(11). Let a be v - -3*(-4)/3. What is the units digit of 10/2 - (-1 - a)?
4
Let m(s) = 6*s**2 - s + 1. Let x be m(1). Let i be 1/((2 - 1)*-1). What is the units digit of (-2)/(i + -1) + x?
7
Let x(b) = -b**3 + 8*b**2 - 5*b - 3. Suppose 4*g - 3*g = 7. What is the units digit of x(g)?
1
Let a(g) = 3*g**3 + 4*g**2 - 4*g + 3. What is the units digit of a(2)?
5
Let x(r) = 13*r - 2. What is the tens digit of x(1)?
1
Suppose -4*k + 3*k = 0. Let p = 4 - k. What is the units digit of p?
4
Let r be (-1*11)/(3/3). Suppose h - 37 = 4*s, 3*s + s = 5*h - 105. Let y = h + r. What is the units digit of y?
6
Let c(j) = j**3 - 6*j**2 + 6*j + 3. Let z be c(5). What is the tens digit of 12/z - 76/(-8)?
1
Suppose -7*x = 29 - 120. What is the units digit of x?
3
What is the tens digit of (-16)/((-3)/9 - 0)?
4
What is the units digit of -70*(12/(-8))/3?
5
Suppose -115 = -a + 39. What is the tens digit of a?
5
Suppose v - 49 = -0*v + o, -5*v - 5*o = -285. What is the units digit of v?
3
Let s be 4/(-4 - 48/(-9)). Suppose -2 = -b + h + 16, -3*h + 42 = s*b. What is the tens digit of b?
1
Let s = -4 - -2. Let b(r) = -5*r + 2. What is the tens digit of b(s)?
1
Let o be (11 + -12)/(2/(-8)). Suppose -o*w = 2*g - 90, 5*g - 68 - 97 = 5*w. What is the units digit of g?
7
Suppose -4*g + 646 = 3*t, 4*g - 898 = -4*t + 6*g. What is the units digit of t?
2
Suppose 2*o - 6 + 0 = 0. Suppose b = -3*t + o, -b - 2 + 5 = -4*t. What is the units digit of b?
3
Let z(x) = x**3 + 22. Suppose 3*m = 12, -5*m = c - 2*m - 12. Let v be z(c). Let s = v + -15. What is the units digit of s?
7
Let b = -42 - -71. Let u = 40 - b. What is the units digit of u?
1
Let o(q) = -3*q + 2. What is the units digit of o(-12)?
8
Let i(w) = w**2 + 6*w + 4. Let o be i(-6). Suppose -d - 9 = -o*d. Suppose d*a + 2*y - 2 = -a, -15 = 5*y. What is the units digit of a?
2
Let i(z) = -3*z**2 + 4*z**2 + 8 - 3*z + 2*z. Let m be (1 - (-1 - -4)) + 2. What is the units digit of i(m)?
8
Let r(m) = 2*m + 2. Let h be (-38)/14 - 4/14. Let y be ((-12)/(-9))/((-1)/h). What is the units digit of r(y)?
0
Let u = -5 + 5. Suppose -3*x + 39 = 2*r, 6*r - r - x - 89 = u. Suppose -4 = -4*w - 0*j + 4*j, -2*j + r = 2*w. What is the units digit of w?
5
Let u(j) = j**3 + 8*j**2 + 6*j - 3. Let a be u(-7). Suppose n - 2 = a. What is the units digit of n?
6
What is the units digit of (-28 - -3)/1*-2?
0
Let a(p) be the second derivative of -p**3/3 + 3*p**2 + 2*p. Let g be a(5). Let y = g - -6. What is the units digit of y?
2
Let k = -1 - -3. Let v(m) = -2 - 6*m - 4*m**k + 2*m**2 + 4*m**2 + m**2 + m**3. What is the units digit of v(-4)?
6
Let c = -5 + -10. Let k = c - -43. What is the units digit of k?
8
Let d(w) be the first derivative of -w**2/2 + 6*w + 1. What is the units digit of d(5)?
1
Let l(i) = -i**3 - 23*i**2 - 4*i - 29. What is the units digit of l(-23)?
3
Suppose -8*i - 94 = -9*i. What is the tens digit of i?
9
What is the units digit of 72*(14/(-4))/(-7)?
6
Let l be ((-8)/(-5))/((-8)/40). What is the units digit of ((-2)/(-8))/((-1)/l)?
2
Let j = -51 + 120. What is the units digit of j?
9
Let w(r) = -5 - 5*r**2 + 6*r + 4*r**2 + 2*r. What is the tens digit of w(4)?
1
Let c be (3 + -3)*1/(-1). Let o be 1/(-3) + (-21)/(-9). Suppose b + 40 = 5*y + o*b, c = -3*b. What is the units digit of y?
8
Suppose 10*g = 5*g + 25. Suppose 0 = 2*d + 2*c - 4, d + 2*c = 3*d. Let a = d + g. What is the units digit of a?
6
Let k be 195/10*2/3. Let w = k - 4. What is the units digit of w?
9
Suppose 2*a = 3*x - 73, -3*a - 115 = -5*x + 2*a. What is the tens digit of x?
2
Let d = -8 + 12. Let q = d - 3. What is the units digit of q?
1
Let o(l) = -l + 1. Let i be o(-6). Let u(m) = m**3 - 7*m**2 - 8*m - 2. Let x be u(8). Let r = i + x. What is the units digit of r?
5
Let k = 3 - -2. Suppose k*r - 103 = 22. What is the units digit of r?
5
Suppose l - 5*l + 24 = 0. Let k = l + -4. What is the units digit of (-2)/1 + (8 - k)?
4
Let x be 220/14 - (-2)/7. Let m = x + 1. What is the units digit of m?
7
What is the units digit of (-15*1)/((-15)/110)?
0
Suppose 3*t = t, -3*o = 5*t. Suppose 5*y + 4*k - 227 = o, 28 + 27 = y + 4*k. What is the units digit of y?
3
Suppose -2*k - 3*b = 49, 12 = 3*k - 3*b + 93. Let o = -15 - k. What is the units digit of o?
1
Suppose -9 = 2*v + 3. Let n be (0 - -1)/(v/(-36)). Suppose 2*z + 37 = 5*p, -n*p + 36 = -p - z. What is the units digit of p?
7
Let u(f) = -f - 1. Let d be u(2). Let n = 9 + d. What is the units digit of n?
6
Let o(a) = 16*a - 3. Let w be o(-3). Let p = w + 77. What is the units digit of p?
6
Let x(w) = w**3 + 4*w**2 - 2*w - 4. Let y be x(-5). Let c = 39 + y. What is the tens digit of c?
2
Let y(q) = -2*q - 8. What is the units digit of y(-7)?
6
Let q be (-27